12 and 4312.
392
Calculate the greatest common divisor of 48 and 725472.
48
Calculate the greatest common factor of 18908 and 3016.
116
What is the greatest common factor of 66755 and 5?
5
Calculate the highest common factor of 345439 and 19.
19
Calculate the greatest common divisor of 55 and 260135.
5
Calculate the highest common divisor of 3016 and 1928732.
1508
Calculate the greatest common divisor of 478 and 1466.
2
Calculate the highest common factor of 712 and 111428.
356
What is the highest common divisor of 76 and 10830?
38
Calculate the highest common factor of 639 and 1647.
9
Calculate the greatest common factor of 376 and 332008.
376
Calculate the highest common factor of 8096 and 168.
8
Calculate the highest common factor of 58 and 45037.
29
What is the greatest common factor of 276317 and 133?
19
Calculate the highest common factor of 1126558 and 194.
194
What is the greatest common factor of 969 and 499377?
57
Calculate the highest common factor of 205 and 119925.
205
Calculate the greatest common factor of 1627 and 3.
1
What is the greatest common factor of 8250 and 12?
6
What is the highest common divisor of 195382 and 166?
166
What is the greatest common divisor of 133316 and 12?
4
Calculate the greatest common factor of 55 and 75251.
11
What is the greatest common factor of 8760 and 64?
8
Calculate the greatest common factor of 1929 and 102880.
643
Calculate the greatest common divisor of 152 and 770032.
152
Calculate the highest common divisor of 4378 and 99.
11
What is the highest common factor of 1160739 and 18?
9
What is the highest common divisor of 20328 and 15400?
616
What is the highest common factor of 7982 and 26?
26
Calculate the highest common factor of 208615 and 44.
11
Calculate the highest common factor of 21867 and 36519.
111
What is the greatest common divisor of 188244 and 3584?
28
What is the greatest common factor of 1076 and 27976?
1076
What is the greatest common divisor of 1311962 and 371?
53
What is the highest common divisor of 2300 and 90528?
92
What is the greatest common divisor of 33 and 165033?
33
What is the greatest common divisor of 111 and 959558?
37
Calculate the highest common factor of 1650 and 43890.
330
Calculate the greatest common divisor of 778967 and 16191.
1799
Calculate the highest common factor of 1805608 and 399.
133
Calculate the greatest common divisor of 34 and 133654.
34
Calculate the highest common factor of 156 and 3315.
39
What is the greatest common divisor of 1708 and 21812?
28
What is the highest common divisor of 18508 and 273?
7
Calculate the greatest common factor of 32 and 2070072.
8
What is the highest common factor of 218 and 200342?
218
Calculate the highest common divisor of 6580 and 4200.
140
Calculate the greatest common divisor of 7104 and 4992.
192
Calculate the greatest common factor of 77149 and 11637.
431
Calculate the greatest common factor of 2217 and 48.
3
What is the highest common divisor of 364 and 14812?
28
What is the highest common divisor of 183 and 59536?
61
Calculate the highest common factor of 112 and 982492.
28
What is the greatest common divisor of 532 and 463524?
76
What is the greatest common divisor of 427752 and 9594?
234
Calculate the greatest common factor of 423 and 10058.
47
What is the greatest common divisor of 182 and 7332?
26
What is the highest common factor of 62 and 30039?
31
What is the highest common factor of 60752 and 272?
16
Calculate the highest common divisor of 6 and 12514.
2
What is the greatest common factor of 3509 and 11?
11
Calculate the greatest common divisor of 4572 and 1611.
9
What is the greatest common divisor of 65 and 1539785?
65
What is the highest common factor of 3 and 1079349?
3
What is the greatest common factor of 7895520 and 1440?
1440
Calculate the greatest common divisor of 24167 and 1441.
11
Calculate the greatest common factor of 837489 and 642.
321
What is the highest common divisor of 196434 and 378?
126
Calculate the highest common divisor of 24485 and 4150.
415
Calculate the highest common divisor of 40 and 5064.
8
What is the greatest common divisor of 1400 and 18050?
50
What is the highest common divisor of 4318 and 9826?
34
What is the highest common divisor of 396 and 107404?
44
Calculate the highest common factor of 621 and 34074.
27
Calculate the highest common divisor of 261 and 502599.
87
Calculate the highest common divisor of 504 and 20853.
63
Calculate the greatest common factor of 72 and 119637.
9
Calculate the highest common factor of 33 and 56892.
33
Calculate the highest common factor of 8919 and 171.
9
What is the highest common divisor of 462096 and 456?
24
Calculate the highest common divisor of 243 and 346518.
243
What is the highest common divisor of 1488 and 2360?
8
What is the greatest common factor of 30906 and 3?
3
Calculate the greatest common factor of 615 and 570.
15
Calculate the greatest common divisor of 1967914 and 13.
13
What is the highest common divisor of 13056 and 5304?
408
What is the highest common factor of 15878 and 476?
34
Calculate the greatest common divisor of 114 and 104082.
114
Calculate the highest common factor of 57 and 1479967.
19
What is the greatest common divisor of 3227 and 75143?
461
Calculate the highest common divisor of 370416 and 240.
48
What is the greatest common divisor of 51 and 67643?
17
Calculate the highest common factor of 4366 and 57466.
118
Calculate the highest common divisor of 7011 and 132240.
57
Calculate the highest common factor of 2647787 and 58.
29
Calculate the highest common divisor of 36 and 54204.
12
Calculate the greatest common factor of 60873 and 36642.
591
Calculate the highest common divisor of 240981 and 1169.
167
What is the greatest common factor of 1635403 and 134?
67
Calculate the highest common divisor of 168 and 19344.
24
What is the greatest common factor of 328 and 16318?
82
Calculate the highest common divisor of 1673 and 5497.
239
Calculate the highest common factor of 2700 and 16332.
12
Calculate the greatest common divisor of 5896 and 35108.
268
What is the highest common divisor of 8505 and 117?
9
What is the greatest common factor of 18 and 495252?
18
What is the greatest common factor of 361816 and 392?
392
Calculate the highest common factor of 2052 and 23256.
684
Calculate the greatest common factor of 6475098 and 161.
161
What is the greatest common divisor of 418 and 193798?
22
Calculate the greatest common divisor of 50 and 925.
25
What is the greatest common divisor of 10718 and 64078?
46
Calculate the greatest common divisor of 208 and 154622.
26
Calculate the greatest common divisor of 6084 and 2322.
18
Calculate the greatest common divisor of 10706 and 41022.
106
Calculate the greatest common divisor of 4619 and 29353.
149
What is the greatest common factor of 170076 and 12?
12
Calculate the greatest common divisor of 224 and 159136.
32
Calculate the greatest common divisor of 37873 and 605.
121
Calculate the greatest common divisor of 27 and 18918873.
27
Calculate the greatest common divisor of 65751 and 2604.
651
What is the greatest common factor of 1100 and 3975950?
550
What is the highest common divisor of 25 and 718450?
25
Calculate the greatest common factor of 9 and 15429.
3
What is the greatest common factor of 113816 and 23944?
328
Calculate the greatest common factor of 106 and 1654.
2
Calculate the highest common factor of 265088 and 912.
304
Calculate the highest common divisor of 580 and 101732.
116
What is the highest common factor of 1742 and 262975?
67
What is the highest common factor of 10362 and 55?
11
Calculate the greatest common factor of 46 and 4450.
2
Calculate the highest common factor of 1918188 and 18.
18
Calculate the highest common factor of 62173 and 1185.
79
Calculate the greatest common factor of 3903042 and 1716.
858
What is the highest common factor of 6202252 and 56?
28
Calculate the greatest common divisor of 2073345 and 499.
499
Calculate the greatest common divisor of 37 and 2203.
1
Calculate the greatest common factor of 126048 and 117.
39
What is the greatest common divisor of 3232 and 6161?
101
Calculate the greatest common divisor of 45 and 111.
3
What is the greatest common factor of 32 and 10844?
4
What is the greatest common divis